e the remainder when 107 is divided by 3/2 + (-180)/v.
5
Let p = -711 - -1036. Let v = p - 300. Calculate the remainder when 120 is divided by v.
20
Let n(l) = -10*l - 43. What is the remainder when n(-13) is divided by -3*8/((-192)/184)?
18
Let r(t) = 4*t - 12. Let q be r(7). Let p be 468/(-48)*q/6. Let f = 37 + p. Calculate the remainder when 39 is divided by f.
6
Suppose 29345 = 17*h - 125253 + 40426. Calculate the remainder when h is divided by 21.
17
Suppose 166*a + 41*a - 23610 = 195. Calculate the remainder when 802 is divided by a.
112
Let b(p) = 5*p**3 + 57*p**2 - 3*p + 29. Let f be b(-12). Let q = -281 - f. What is the remainder when q is divided by 15?
11
Suppose -14*l = -955 + 143. What is the remainder when ((-3)/2)/(12/(-1816)) is divided by l?
53
Suppose 5*t + s - 1296 = 0, t - 4*s - 210 = 66. Let x = t + -106. Let k = x - 93. Calculate the remainder when k is divided by 17.
10
Suppose -25*c = 19*c + 9*c - 16165. What is the remainder when 325 is divided by c?
20
Suppose -5*a = -4*z + 68 + 39, 2*z - 31 = -5*a. Let y = -50059 - -50216. Calculate the remainder when y is divided by z.
19
What is the remainder when 1435 is divided by (-3)/(-33)*2 + ((-2719675)/(-77))/25?
22
Let o(i) = -i + 4. What is the remainder when (-4)/(-9) + (8 - (-13 + 11304/(-81))) is divided by o(-7)?
7
Let j(k) = 22*k**3 + 2*k - 1. Let l = -89 + 88. Let i be (-6 + (0 - -5))*l. What is the remainder when 68 is divided by j(i)?
22
Let c(g) = 17*g + 70. Let o be c(-4). Suppose 0 = 4*i + w - 629, -o*w + 0*w = -3*i + 469. Calculate the remainder when i is divided by 27.
22
Let d = -3360 - -4937. What is the remainder when d is divided by 392?
9
Let w(f) = -f**3 + 19*f**2 + 46*f - 20. Let d(x) = -7*x**2 + x - 4. Let s be d(4). Let j = -91 - s. Calculate the remainder when w(j) is divided by 17.
13
Suppose -4*u + 3*u + 4 = 0. Let q(h) = -h**3 + 4*h**2 - 3*h - 5. Let a be q(4). Calculate the remainder when (-1 + (a - -4))/(-2) is divided by u.
3
Let k(y) = 26*y**3 + y**2 - 2*y + 1. What is the remainder when (1 - 165/105)*-175 is divided by k(1)?
22
Suppose 2*j = 4*j + i - 42, 5*j - 91 = i. What is the remainder when ((-15)/8 + (-24)/(-64))/((-21)/7168) is divided by j?
18
Let w(a) = -a**3 - 5*a**2 + 3*a + 8. Let q = -45 - -39. Let f be w(q). Let l = f + -18. Calculate the remainder when 28 is divided by l.
4
Let t = -9 - -13. Let i be -16 + (t - 3) + 2 + -2. Let j = 43 + i. What is the remainder when 111 is divided by j?
27
Suppose -1337 + 7217 = 40*h. What is the remainder when 1469 is divided by h?
146
Suppose 2*k + 41 = 5*k + 2*g, -g = -3*k + 29. Suppose 0*y + 86 = 2*y. Calculate the remainder when y is divided by ((-1)/(k/(-253)))/1.
20
Let l(v) = -5*v - 14. Suppose -4*c - 5*k + 14 + 2 = 0, -3*k + 4 = c. Let p be l(c). What is the remainder when (p/4)/(3/(-6)) is divided by 10?
7
Let s = 1 - -18. Let z(f) = -9*f + 283. Let y be z(31). Suppose y*r - 4 = 8, 4*v - 56 = -4*r. What is the remainder when s is divided by v?
8
Suppose 38252 = 199*t + 899 - 56973. What is the remainder when 953 is divided by t?
5
Suppose 0 = -13*p + 10*p + 111. Let i = 46 - p. Suppose z + 5*k = 122, 9 + 73 = z - 3*k. Calculate the remainder when z is divided by i.
7
Suppose -24 + 1142 = 43*d. Let v = 1 - -9. What is the remainder when d is divided by v?
6
Suppose 15*k + 3*l = 16*k - 496, -2*k - 4*l + 1022 = 0. Calculate the remainder when k is divided by 63.
1
Let d be 4221/72 + (-3)/(-8). Let a = 99 - d. What is the remainder when a is divided by 7?
5
Let k(j) = j**3 + 12*j**2 + 33*j + 15. Let f be k(-7). Let a be 7*2*(-4)/(-8). Suppose a = 2*c - f. Calculate the remainder when 33 is divided by c.
15
Let s = 842 - 791. Let p(v) = v**2 - 9. Calculate the remainder when s is divided by p(6).
24
Let v(h) = 202*h + 1. Let n be v(1). Let j = n + -121. Calculate the remainder when j is divided by 6/4 - 65*3/(-10).
19
Let u = 577 - 403. Let v = 297 - u. What is the remainder when v is divided by 25?
23
Calculate the remainder when 256 is divided by (-14 + (-339)/(-24))/(5/1160).
24
Suppose 28 = 4*m + 21*k - 25*k, -5*m + 2*k = -44. What is the remainder when (-102)/(-4) + 12/(-8) is divided by m?
4
Suppose 0 = -65*d + 2608 + 7857. Calculate the remainder when 545 is divided by d.
62
Let p be ((-1)/(-3))/((-5)/(-75)). Suppose 52 - 2 = -p*l. What is the remainder when 24 is divided by (-128)/(-10) - 2/l?
11
Suppose -x + 570 = 876 - 548. Calculate the remainder when 2128 is divided by x.
192
Let h be (340*1)/5*(-6)/8. Let t = h + 56. Suppose k - 2*s + 1 = 0, -5*s = -t*k + 3 + 17. What is the remainder when k is divided by 3?
0
Let n = 40 + -43. Let r be (0 - -1)*9*n. Let m = r + 29. Calculate the remainder when 6 is divided by m.
0
Suppose 0 = 3937*d - 3873*d - 4096. What is the remainder when 1048 is divided by d?
24
Let m(f) = -4*f + 140. Let d = -115 + 171. Suppose k + k - d = o, -5*o = 3*k - 58. Calculate the remainder when m(16) is divided by k.
24
Let u(b) = 14*b - 12. Let y be u(-3). Suppose 5*o + 100 = 3*o. Let v = o - y. Calculate the remainder when 33 is divided by v.
1
What is the remainder when 8004 is divided by 36/(-9) + (5 + -9 - -25)?
14
Let p be (666 - 2)*4*12/32. Suppose 180 + p = 4*q. Calculate the remainder when q is divided by 43.
36
Suppose -578*z = -139781 - 261448 - 431091. What is the remainder when z is divided by 304?
224
Suppose 13*i + 231 = 257. Calculate the remainder when 118 is divided by (i - -3) + -1 + 16 - 0.
18
Suppose 4 - 11 = -l. Let t(o) = o**2 - 4*o - 2. Let n be t(-1). Suppose 0 = -3*y - n*f, -3*f + 5*f - 10 = -4*y. Calculate the remainder when l is divided by y.
2
Let b be 30/9*(-3)/(-2). Let a = 227 + -194. Suppose s - b*w = a, -15 = 4*w - w. Calculate the remainder when 71 is divided by s.
7
Let h(u) = -u**3 - 5*u**2 + 10*u + 2. Let b be h(-7). Suppose -36*m + 240 = -b*m. What is the remainder when 119 is divided by m?
39
Let i(m) = 21*m + 77. What is the remainder when 29 is divided by i(-3)?
1
Let c(h) = -h**3 - 6*h**2 - 4*h + 5. Let k be c(-5). Let a be ((-108)/3)/(-1 + k). Let i = 46 - a. What is the remainder when 15 is divided by i?
5
Let j be (-4)/14 - 33/42*-50. Suppose 2*p = j + 47. Suppose -328 = -5*f + 517. Calculate the remainder when f is divided by p.
40
Let t(g) = -63*g + 535. Calculate the remainder when t(8) is divided by 20.
11
Suppose -z = 3*b + 10, b - 4 = -5*z + 2. Let n be (10 + 0 + -4 + z)/1. Calculate the remainder when 2*(n + -7)*(-86)/(-4) is divided by 22.
21
Suppose 3666*d - 3663*d - 1931 = -2*u, 0 = 2*d + 3*u - 1279. Calculate the remainder when d is divided by 52.
23
Let r be 12/(0 + -4) - -2. What is the remainder when 57 + -5 + r + 13 is divided by 39?
25
Suppose -2*i + 1324 = -2*b, 5*i - 116*b - 3318 = -113*b. What is the remainder when i is divided by 24?
18
Suppose q = -5*h + 51, 0*h - h + 207 = 5*q. What is the remainder when ((-1470)/135 - -11)*6*(-1206)/(-4) is divided by q?
37
Let g = -638 + 941. Suppose 295*w = g*w - 224. What is the remainder when 73 is divided by w?
17
Let a = -235 + 253. Let x(b) = b**3 - 18*b**2 + 2*b + 12. Calculate the remainder when (278/(-5))/((-6)/15) is divided by x(a).
43
Suppose 4 = d + d - a, 4*a = -d - 16. Suppose d = -6*u + 24 + 12. Suppose 0 = -w + 20 + u. Calculate the remainder when w is divided by 17.
9
Suppose -a - 3*f + 439 = 0, 553 = 2*a - 4*f - 375. What is the remainder when a is divided by 150?
4
Suppose 4*v - 126*f + 130*f - 100 = 0, 70 = 4*v - 6*f. What is the remainder when 901 is divided by v?
21
Suppose -3*v - 5 = 2*x, 4*x - 784*v = -783*v + 39. What is the remainder when 2795 is divided by x?
3
Suppose -t - 2*a + 33 = 0, -4*t + 122 = -5*a + 3. Suppose -4*m = -200 - 288. Calculate the remainder when m is divided by t.
29
What is the remainder when (-39)/12 + 1/4 + 97 + 9 is divided by 52/(-3)*-3 - -1?
50
Let q be (-5)/40 - (-987)/24. Suppose -43 = -7*l + q. Calculate the remainder when 46 is divided by l.
10
Calculate the remainder when (-12)/((4/(-366))/1) is divided by 22.
20
Calculate the remainder when (-45)/6*(792/(-60) + 12) + 3357 is divided by 24.
6
Let g(i) = 10*i + 111. Let u(a) = a**3 - 10*a**2 + 13*a + 3. Let k be (15/10)/(2/12). What is the remainder when u(k) is divided by g(-9)?
18
Let y(g) = 4*g**2 - 12*g + 32. Let s be y(6). Let h = -55 + s. Wh